 131, v*u + 2*t = -5*u + 172. What is the greatest common factor of u and 85?
17
Suppose -144*q + 125801 = -6*q + 22577. Calculate the highest common factor of 1156 and q.
68
Let v = -1307 + 1401. Calculate the greatest common divisor of 4042 and v.
94
Let f = 31758 + -688. Calculate the greatest common divisor of 130 and f.
130
Let q(l) = 4*l + 47. Let i be q(-7). Suppose 15*s - i*s = -96. Calculate the highest common divisor of s and 216.
24
Let l(d) = -4*d**3 - 6*d**2 + 7*d + 5. Let z be l(-5). Suppose 5*g = 9*g - z. Let u = 128 - g. What is the greatest common factor of 12 and u?
12
Suppose -250 = -5*z + 200. Suppose -x + 4*x - 10 = 2*m, -6 = 3*m. Suppose 6*g - x*n = g + 49, 2*g + 2*n - 14 = 0. What is the greatest common factor of z and g?
9
Let p be 36*(-21)/504*-1000. Calculate the greatest common factor of p and 300.
300
Let d(p) = p**2 - p + 98. Let v be d(0). Suppose 181*c - 182*c + 14 = -3*n, -4*n + 42 = 3*c. Calculate the greatest common divisor of v and c.
14
Suppose 0 = 3*w - 4*f - 580, 31*f - 29*f - 574 = -3*w. Calculate the highest common divisor of 960 and w.
192
Let n = -930 - -990. Let a(k) = -k**3 + 21*k**2 - 13*k. Let i be a(20). Calculate the greatest common factor of i and n.
20
Let v(g) = -g**3 + 10*g**2 + 20*g - 168. Let n be v(6). What is the highest common divisor of n and 6?
6
Let x be (-6)/((-36)/(-30)) + 7 + 13. Suppose 5*h + 2*d - 35 = 42, -2*h - 3*d = -33. What is the greatest common factor of h and x?
15
Suppose -5877 = 2*f - 6037. Calculate the highest common factor of 3880 and f.
40
Suppose -3*x - p = 8, 3*x - p + 0 + 4 = 0. Let g be x + -2 - ((-15)/5 + -33). Let j = 109 + -77. Calculate the highest common factor of g and j.
32
Let i be (-33)/(10/(-4)*(-13)/(-325)). Calculate the highest common factor of i and 880.
110
Let k(w) = 7*w - 18. Let p be k(3). Suppose 0*d - 3*d = 0. Suppose d = -2*j - p*j + 205. Calculate the highest common divisor of 123 and j.
41
Suppose 483 + 1514 = 5*m + 2*d, 6*m = -4*d + 2398. What is the greatest common divisor of 665 and m?
133
Let n be (-1 + -54 + 0)*-5. Let z be ((-900)/(-288))/(4 + (-248)/64). What is the highest common factor of n and z?
25
Let t be (-1)/3 + 140/15. Let n(g) = 114*g + 8619. Let o be n(-75). What is the greatest common factor of t and o?
3
Let j(f) = -f**3 - 4*f**2 + 6*f - 14. Let g be j(-6). Suppose 4*m - g = 426. What is the highest common divisor of 48 and m?
16
Suppose 97 = 4*b - 4*q - 15, -4*b + 124 = -q. Let y be 121 - (-3 + (-8)/(-2)). Let d be (-4)/5 - y/(-25). Calculate the greatest common factor of d and b.
4
Let q(d) = 10*d**2 + 14*d - 4. Let x be q(8). Suppose 10*c - 212 = x. What is the highest common divisor of 132 and c?
12
Suppose -14 = -t - 2*d, 2*t + 5*d + 90 = 123. Suppose 0 = -5*x + 7 + 13. Let c = 0 + x. What is the highest common factor of c and t?
4
Let h = 1 - -33. Suppose h = -5*m + 7*m. Suppose -m*s - 17 = -323. What is the greatest common divisor of 198 and s?
18
Let k be 11/(-11)*-1113*(-12)/(-42). What is the greatest common factor of k and 60?
6
Let u = -48 - -46. Let h be u/25*10 - (-248)/10. What is the greatest common factor of h and 24?
24
Let b be ((-30)/4)/(2/(-8)). Let n = -202 + 191. Let t be (n - 5)/(5/(-75)). Calculate the highest common factor of t and b.
30
Suppose -251*t + 381*t = 13650. Calculate the highest common factor of t and 29925.
105
Let h be (-28)/(-49) - (2 - (-190)/14). Let x(y) = -4*y - 58. Let p be x(h). Calculate the greatest common factor of 18 and p.
2
Let g = -29340 - -30448. What is the greatest common factor of 6371 and g?
277
Let y be ((-4 + 5)*34)/2. Suppose -2*p = h - 42, p - 25 - y = -h. What is the highest common divisor of h and 70?
14
Let u = -41 - -44. Let a(i) = -3 + u + 2*i - i. Let s be a(3). What is the greatest common divisor of 2 and s?
1
Suppose 5*y = -2*m + 987, -7*y + 2*m = -6*y - 195. Suppose -y = -11*q - 98. What is the greatest common divisor of q and 33?
3
Let q = -116 - -118. Suppose 594 = q*t + 4*t. Suppose -4*h + 4*w = 8*w - 44, 4*h = -3*w + 42. What is the highest common factor of h and t?
9
Let j(m) = m**3 + 4*m**2 - 18*m - 27. Let p = 10 + -2. Suppose p*z - 9*z - 6 = 0. Let c be j(z). Calculate the highest common divisor of c and 9.
9
Let l(d) = 26*d + 8. Suppose -5*q + 12 = -3*q. Let f be l(q). Let c = f - 71. Calculate the highest common divisor of c and 31.
31
Let f(c) = -c - 10. Let i be f(-8). Let o(k) = -146*k - 6. Let b be o(i). Suppose -2*v + b = l + l, 5*v = 0. What is the highest common factor of 13 and l?
13
Suppose -4*r + 593 + 287 = 0. Let q be (-50)/30 - 15/(-9). Suppose q = l, -3*g + 5*l + 52 + 8 = 0. Calculate the greatest common divisor of r and g.
20
Let q = -56 - -68. Let j be 111/q*(-8 - -16). Calculate the highest common divisor of 37 and j.
37
Suppose 4*n - 84 = -4*c - 48, n = 5*c - 21. Let v = 211 + -103. What is the highest common factor of n and v?
4
Suppose 16 = 3*x - 20. Let j(r) be the third derivative of 7*r**4/8 + 64*r**3/3 - 4*r**2 - 3*r. Let a be j(-6). Calculate the highest common factor of x and a.
2
Let c(i) = 301*i + 4788. Let p be c(-5). Calculate the highest common divisor of p and 67.
67
Let c(w) = 12*w**2 + 24*w - 5. Let o be c(-3). Calculate the highest common divisor of 11 and o.
1
Let j(w) = 901*w - 8099. Let x be j(9). What is the greatest common divisor of x and 13615?
5
Suppose 45 = j + 5*x, 4*j + 4*x = 9*j - 196. Calculate the highest common factor of 1136 and j.
8
Let c(b) = b**3 - b**2 + 3*b. Let r be c(-3). Let k = -48 - r. Let v be 8/((2 + k)/(-1)). Calculate the highest common factor of 88 and v.
8
Let q be ((-3)/1 - 53)/((-2)/3). What is the greatest common factor of q and 156?
12
Let i(c) = -114*c + 1244. Let u be i(6). Calculate the highest common divisor of u and 350.
70
Let z(u) = 25*u**2 + 1. Let p be z(5). Let d = -405 + p. What is the greatest common divisor of d and 39?
13
Let x(c) = 166*c - 6477. Let u be x(41). What is the greatest common divisor of 343 and u?
7
Suppose 493 = 5*t + q, -4*t - 2*q = -4*q - 386. Suppose 0 = 16*h - 14 - t. What is the greatest common divisor of 259 and h?
7
Suppose -104 = -15*o + 1. Suppose -j + 18 = -4*c, 0 = j - 8*c + o*c - 21. Calculate the highest common divisor of j and 187.
11
Let k(n) = -3*n**2 + 32*n - 39. Let j be k(9). Suppose -2*l = i - 149, -l + 44 + 28 = 3*i. Calculate the highest common factor of j and l.
3
Suppose -32*o + 12283 = -17381. Calculate the greatest common divisor of o and 117.
9
Suppose -f + 61 + 19 = -5*p, 3*f - 5*p - 260 = 0. Let d be 6/(-64)*-8*(-420)/(-7). What is the greatest common divisor of f and d?
45
Let b(i) = -169*i - 447. Let x be b(-3). What is the highest common factor of 5820 and x?
60
Suppose -6*p = -2*p. Suppose p + 2 = 2*g. Suppose -3*m = -29 - g. What is the highest common factor of 40 and m?
10
Suppose 2*r + 4 = 8. Let h(n) = 160*n**3 - 159*n**3 - 9 - n**2 - 3*n**r. Let s be h(6). What is the greatest common divisor of s and 9?
9
Suppose -8 = 3*b + 7, 3*b - 5 = -4*m. Let n be -4 - (1 + -4) - -46. Let s = n + -5. Calculate the highest common factor of m and s.
5
Let n be ((-3312)/(-15))/((-58)/(-145)). Calculate the greatest common factor of 240 and n.
24
Let t = 97 + -95. Suppose -83 = -t*f + 4*c + 85, 5*f - c = 402. Suppose 5*r - i = 4*i + 60, -5*r + 4*i + 58 = 0. What is the highest common divisor of r and f?
10
Let o(z) = -9*z**3 + 4*z**2 + 9*z + 27. Let t be o(-6). What is the greatest common factor of t and 45?
9
Suppose -n = -3*a + 3*n - 767, 2*a + 508 = n. Let c = a - -285. Calculate the highest common factor of c and 112.
16
Suppose -3*i = -18 + 6. Suppose 3*l = 5*v - 20, -i*l = 5*v + l - 20. Let p be (-42)/v*44/(-77). Calculate the highest common factor of p and 2.
2
Suppose 4*n = j + 65, 4*n + 22 - 78 = 4*j. Let l = n + -10. Let o(c) = 12*c - 23. Let r be o(6). Calculate the greatest common factor of l and r.
7
Let l = -30 - -45. Suppose 0 = 3*v + l, -4*w - v - 1 + 8 = 0. Suppose -4*o + w*o + 5*x = -46, -2*x = o - 53. What is the greatest common factor of o and 51?
51
Suppose 6 = 4*b - 10. Let d be 15/((-15)/2) - -10. Calculate the greatest common divisor of b and d.
4
Let m(a) = -a**3 + 26*a**2 + 25*a + 59. Let x be m(27). Suppose g - x*o = -3*g + 965, 738 = 3*g + o. What is the highest common factor of g and 140